{"id":18913,"date":"2024-11-28T20:59:49","date_gmt":"2024-11-28T20:59:49","guid":{"rendered":"https:\/\/sendeeinheit.com\/?page_id=18913"},"modified":"2024-12-01T21:38:45","modified_gmt":"2024-12-01T21:38:45","slug":"versandarten","status":"publish","type":"page","link":"https:\/\/sendeeinheit.com\/?page_id=18913","title":{"rendered":"Versandarten"},"content":{"rendered":"<p><strong>Versand innerhalb von Deutschland<\/strong><\/p>\n<p>Versandkostenpauschale f\u00fcr Pakete: 5,00 Euro (per DPD)<\/p>\n<p>Versandkostenpauschale f\u00fcr Kleingest\u00e4nde: 2,50 Euro (per DHL Warenpost o.\u00c4.)<\/p>\n","protected":false},"excerpt":{"rendered":"<p>Versand innerhalb von Deutschland Versandkostenpauschale f\u00fcr Pakete: 5,00 Euro (per DPD) Versandkostenpauschale f\u00fcr Kleingest\u00e4nde: 2,50 Euro (per DHL Warenpost o.\u00c4.)<\/p>\n","protected":false},"author":1,"featured_media":0,"parent":0,"menu_order":0,"comment_status":"closed","ping_status":"closed","template":"","meta":{"pmpro_default_level":"","footnotes":""},"class_list":["post-18913","page","type-page","status-publish","hentry","pmpro-has-access"],"yoast_head":"<!-- This site is optimized with the Yoast SEO plugin v24.0 - https:\/\/yoast.com\/wordpress\/plugins\/seo\/ -->\n<title>Versandarten - SENDEEINHEIT<\/title>\n<meta name=\"robots\" content=\"index, follow, max-snippet:-1, max-image-preview:large, max-video-preview:-1\" \/>\n<link rel=\"canonical\" href=\"https:\/\/sendeeinheit.com\/?page_id=18913\" \/>\n<meta property=\"og:locale\" content=\"de_DE\" \/>\n<meta property=\"og:type\" content=\"article\" \/>\n<meta property=\"og:title\" content=\"Versandarten - SENDEEINHEIT\" \/>\n<meta property=\"og:description\" content=\"Versand innerhalb von Deutschland Versandkostenpauschale f\u00fcr Pakete: 5,00 Euro (per DPD) Versandkostenpauschale f\u00fcr Kleingest\u00e4nde: 2,50 Euro (per DHL Warenpost o.\u00c4.)\" \/>\n<meta property=\"og:url\" content=\"https:\/\/sendeeinheit.com\/?page_id=18913\" \/>\n<meta property=\"og:site_name\" content=\"SENDEEINHEIT\" \/>\n<meta property=\"article:modified_time\" content=\"2024-12-01T21:38:45+00:00\" \/>\n<meta name=\"twitter:card\" content=\"summary_large_image\" \/>\n<script type=\"application\/ld+json\" class=\"yoast-schema-graph\">{\"@context\":\"https:\/\/schema.org\",\"@graph\":[{\"@type\":\"WebPage\",\"@id\":\"https:\/\/sendeeinheit.com\/?page_id=18913\",\"url\":\"https:\/\/sendeeinheit.com\/?page_id=18913\",\"name\":\"Versandarten - SENDEEINHEIT\",\"isPartOf\":{\"@id\":\"https:\/\/sendeeinheit.com\/#website\"},\"datePublished\":\"2024-11-28T20:59:49+00:00\",\"dateModified\":\"2024-12-01T21:38:45+00:00\",\"breadcrumb\":{\"@id\":\"https:\/\/sendeeinheit.com\/?page_id=18913#breadcrumb\"},\"inLanguage\":\"de\",\"potentialAction\":[{\"@type\":\"ReadAction\",\"target\":[\"https:\/\/sendeeinheit.com\/?page_id=18913\"]}]},{\"@type\":\"BreadcrumbList\",\"@id\":\"https:\/\/sendeeinheit.com\/?page_id=18913#breadcrumb\",\"itemListElement\":[{\"@type\":\"ListItem\",\"position\":1,\"name\":\"Startseite\",\"item\":\"https:\/\/sendeeinheit.com\/\"},{\"@type\":\"ListItem\",\"position\":2,\"name\":\"Versandarten\"}]},{\"@type\":\"WebSite\",\"@id\":\"https:\/\/sendeeinheit.com\/#website\",\"url\":\"https:\/\/sendeeinheit.com\/\",\"name\":\"SENDEEINHEIT\",\"description\":\"Wir machen Podcasts. Gute.\",\"publisher\":{\"@id\":\"https:\/\/sendeeinheit.com\/#organization\"},\"potentialAction\":[{\"@type\":\"SearchAction\",\"target\":{\"@type\":\"EntryPoint\",\"urlTemplate\":\"https:\/\/sendeeinheit.com\/?s={search_term_string}\"},\"query-input\":{\"@type\":\"PropertyValueSpecification\",\"valueRequired\":true,\"valueName\":\"search_term_string\"}}],\"inLanguage\":\"de\"},{\"@type\":\"Organization\",\"@id\":\"https:\/\/sendeeinheit.com\/#organization\",\"name\":\"SENDEEINHEIT\",\"url\":\"https:\/\/sendeeinheit.com\/\",\"logo\":{\"@type\":\"ImageObject\",\"inLanguage\":\"de\",\"@id\":\"https:\/\/sendeeinheit.com\/#\/schema\/logo\/image\/\",\"url\":\"https:\/\/sendeeinheit.com\/wp-content\/uploads\/2024\/11\/SE_Logo_Final.png\",\"contentUrl\":\"https:\/\/sendeeinheit.com\/wp-content\/uploads\/2024\/11\/SE_Logo_Final.png\",\"width\":1241,\"height\":1241,\"caption\":\"SENDEEINHEIT\"},\"image\":{\"@id\":\"https:\/\/sendeeinheit.com\/#\/schema\/logo\/image\/\"},\"sameAs\":[\"https:\/\/www.linkedin.com\/company\/sendeeinheit\/\",\"https:\/\/www.instagram.com\/sendeeinheit?igsh=dW81dzNseDU5Nnp0\"]}]}<\/script>\n<!-- \/ Yoast SEO plugin. -->","yoast_head_json":{"title":"Versandarten - SENDEEINHEIT","robots":{"index":"index","follow":"follow","max-snippet":"max-snippet:-1","max-image-preview":"max-image-preview:large","max-video-preview":"max-video-preview:-1"},"canonical":"https:\/\/sendeeinheit.com\/?page_id=18913","og_locale":"de_DE","og_type":"article","og_title":"Versandarten - SENDEEINHEIT","og_description":"Versand innerhalb von Deutschland Versandkostenpauschale f\u00fcr Pakete: 5,00 Euro (per DPD) Versandkostenpauschale f\u00fcr Kleingest\u00e4nde: 2,50 Euro (per DHL Warenpost o.\u00c4.)","og_url":"https:\/\/sendeeinheit.com\/?page_id=18913","og_site_name":"SENDEEINHEIT","article_modified_time":"2024-12-01T21:38:45+00:00","twitter_card":"summary_large_image","schema":{"@context":"https:\/\/schema.org","@graph":[{"@type":"WebPage","@id":"https:\/\/sendeeinheit.com\/?page_id=18913","url":"https:\/\/sendeeinheit.com\/?page_id=18913","name":"Versandarten - SENDEEINHEIT","isPartOf":{"@id":"https:\/\/sendeeinheit.com\/#website"},"datePublished":"2024-11-28T20:59:49+00:00","dateModified":"2024-12-01T21:38:45+00:00","breadcrumb":{"@id":"https:\/\/sendeeinheit.com\/?page_id=18913#breadcrumb"},"inLanguage":"de","potentialAction":[{"@type":"ReadAction","target":["https:\/\/sendeeinheit.com\/?page_id=18913"]}]},{"@type":"BreadcrumbList","@id":"https:\/\/sendeeinheit.com\/?page_id=18913#breadcrumb","itemListElement":[{"@type":"ListItem","position":1,"name":"Startseite","item":"https:\/\/sendeeinheit.com\/"},{"@type":"ListItem","position":2,"name":"Versandarten"}]},{"@type":"WebSite","@id":"https:\/\/sendeeinheit.com\/#website","url":"https:\/\/sendeeinheit.com\/","name":"SENDEEINHEIT","description":"Wir machen Podcasts. Gute.","publisher":{"@id":"https:\/\/sendeeinheit.com\/#organization"},"potentialAction":[{"@type":"SearchAction","target":{"@type":"EntryPoint","urlTemplate":"https:\/\/sendeeinheit.com\/?s={search_term_string}"},"query-input":{"@type":"PropertyValueSpecification","valueRequired":true,"valueName":"search_term_string"}}],"inLanguage":"de"},{"@type":"Organization","@id":"https:\/\/sendeeinheit.com\/#organization","name":"SENDEEINHEIT","url":"https:\/\/sendeeinheit.com\/","logo":{"@type":"ImageObject","inLanguage":"de","@id":"https:\/\/sendeeinheit.com\/#\/schema\/logo\/image\/","url":"https:\/\/sendeeinheit.com\/wp-content\/uploads\/2024\/11\/SE_Logo_Final.png","contentUrl":"https:\/\/sendeeinheit.com\/wp-content\/uploads\/2024\/11\/SE_Logo_Final.png","width":1241,"height":1241,"caption":"SENDEEINHEIT"},"image":{"@id":"https:\/\/sendeeinheit.com\/#\/schema\/logo\/image\/"},"sameAs":["https:\/\/www.linkedin.com\/company\/sendeeinheit\/","https:\/\/www.instagram.com\/sendeeinheit?igsh=dW81dzNseDU5Nnp0"]}]}},"jetpack_sharing_enabled":true,"_links":{"self":[{"href":"https:\/\/sendeeinheit.com\/index.php?rest_route=\/wp\/v2\/pages\/18913","targetHints":{"allow":["GET"]}}],"collection":[{"href":"https:\/\/sendeeinheit.com\/index.php?rest_route=\/wp\/v2\/pages"}],"about":[{"href":"https:\/\/sendeeinheit.com\/index.php?rest_route=\/wp\/v2\/types\/page"}],"author":[{"embeddable":true,"href":"https:\/\/sendeeinheit.com\/index.php?rest_route=\/wp\/v2\/users\/1"}],"replies":[{"embeddable":true,"href":"https:\/\/sendeeinheit.com\/index.php?rest_route=%2Fwp%2Fv2%2Fcomments&post=18913"}],"version-history":[{"count":2,"href":"https:\/\/sendeeinheit.com\/index.php?rest_route=\/wp\/v2\/pages\/18913\/revisions"}],"predecessor-version":[{"id":18968,"href":"https:\/\/sendeeinheit.com\/index.php?rest_route=\/wp\/v2\/pages\/18913\/revisions\/18968"}],"wp:attachment":[{"href":"https:\/\/sendeeinheit.com\/index.php?rest_route=%2Fwp%2Fv2%2Fmedia&parent=18913"}],"curies":[{"name":"wp","href":"https:\/\/api.w.org\/{rel}","templated":true}]}}